7). Let k be i(w). Calculate the remainder when 21 is divided by (22/(-10))/(k/5).
10
Suppose -5*d - 16 = -71. Suppose 15*g - 28 = d*g. What is the remainder when 13 is divided by g?
6
Let z be (1 - -14*1) + 3. Suppose -5*s = -12 - z. What is the remainder when 48 is divided by 103/s - (-4)/(-24)?
14
Let d(s) = s**2 + 0*s**2 + 7*s - 9 + s**2. Calculate the remainder when d(-7) is divided by 14.
12
Let a(c) = 2*c - 3. Let y be a(3). Suppose 46 = y*h - h. What is the remainder when 67 is divided by h?
21
Let i(a) be the first derivative of a**4/2 + a**3 - a + 2. Let z be i(-2). Calculate the remainder when 213/5 + (-2)/z is divided by 15.
13
Let p = 1 + 0. Let h be (p + 1)*1/(-1). What is the remainder when 46 is divided by (-184)/(-12) + h/(-3)?
14
Let r(j) = -11*j**2 - 21*j + 6. Let f(x) = 5*x**2 + 10*x - 3. Let y(m) = 7*f(m) + 3*r(m). What is the remainder when y(-6) is divided by 14?
13
Suppose 3 = -2*k - 3, k - 20 = -p. Calculate the remainder when 90 is divided by p.
21
Suppose -5*k - 20 = 0, 3*k = 5*p + 9 + 99. Calculate the remainder when 11 is divided by (-4)/p + 46/12.
3
Let a = -7 + 5. Let u(x) = x**3 - 19*x**2 + 16*x + 44. Let r be u(18). Let h = r + a. What is the remainder when 10 is divided by h?
4
Calculate the remainder when (-34)/((-2)/12*4) is divided by 13.
12
Suppose -8*i - 3 = -9*i. Calculate the remainder when 10 is divided by i.
1
Let a = -2 - -21. What is the remainder when 55 is divided by a?
17
Let l(b) = b**2 + 9*b - 3. Calculate the remainder when 10 is divided by l(-10).
3
Suppose -3*m + 0*m + 129 = 0. Calculate the remainder when m is divided by 15.
13
Suppose 0 = -5*x + 2*r + 79, 3*r = -0*r - 6. Calculate the remainder when 43 is divided by x.
13
Suppose k = 6*k - 70. Suppose -5*b + 16 = -k. Calculate the remainder when 15 is divided by b.
3
Let w be (-8)/(-10)*(-40)/(-16). Suppose 0*g - 102 = -w*g. Suppose 3*v - g = -3*s - 3, -3*s - 2*v + 44 = 0. Calculate the remainder when 22 is divided by s.
10
Let i = 7 - 0. Suppose 5*t + 2*j + 3*j - 190 = 0, -91 = -2*t + 3*j. Let c = t + -22. What is the remainder when c is divided by i?
5
Suppose 5*d - 101 = -16. Suppose -d = -5*m + 43. What is the remainder when 22 is divided by m?
10
Let s(p) = p**3 - 4*p**2 - 10*p + 4. Let u(h) = -h. Let t(r) = -s(r) + 2*u(r). Suppose 0 = 2*i + 5 - 17. What is the remainder when t(5) is divided by i?
5
What is the remainder when 342/12*(1 - -1) is divided by 20?
17
Let n(c) = -72*c**2 - c. Let y be n(-1). Let u = -43 - y. What is the remainder when u is divided by 15?
13
Let a be 0/(0 - -2) + 1. Let j be (2/4)/(a/66). Suppose 0 = -3*n + 63 + j. Calculate the remainder when n is divided by 11.
10
Let i = 90 + -60. Calculate the remainder when i is divided by 11.
8
Let l be 23/7 - 4/14. Suppose -l*o - 4 = -5*o. What is the remainder when 41 is divided by o*(3 + -2 - -6)?
13
Suppose -6*b + 4*t = -2*b - 20, 2*b + 2*t = -2. Let c be 18/24*b*2. Suppose -o + 2 = -c, 5*s - 60 = o. Calculate the remainder when 38 is divided by s.
12
Let t = -113 - -172. What is the remainder when t is divided by 20?
19
What is the remainder when 14/(-4)*52/(-7) is divided by 9?
8
Suppose 2*i - 261 = 237. What is the remainder when i is divided by 25?
24
Let l(n) = -2*n - 1. Let w = 3 - 6. What is the remainder when l(w) is divided by 3?
2
Let t = 1 - -11. Let n(s) = -4*s + 4. Let k be n(3). Let u = -1 - k. Calculate the remainder when t is divided by u.
5
Suppose 0 = 3*h - 27 + 9. What is the remainder when 45 is divided by (-2)/h*-1*69?
22
Let q(l) = -2*l**2 + 61*l. What is the remainder when q(30) is divided by 8?
6
Suppose 5*j = -2 + 32. Let w = 7 - 2. Suppose -15 = n - 2*n + g, n + w*g - 27 = 0. What is the remainder when n is divided by j?
5
Suppose -8 = u - 2*u. Suppose 1 = -n + u. Suppose 23 + 12 = 3*z - 2*o, -3*z = 3*o - 30. Calculate the remainder when z is divided by n.
4
Suppose 3*l = 3*p + 570, 0 = -7*p + 6*p. Calculate the remainder when l is divided by 64.
62
Let v(s) = -s**2 + 9*s + 13. Calculate the remainder when 23 is divided by v(9).
10
Let w(h) = -11*h - 39. Calculate the remainder when w(-6) is divided by 15.
12
Let a = -197 + 104. Let f = -52 - a. Calculate the remainder when f is divided by 22.
19
Suppose -4*a + 64 - 20 = -3*r, 3*r - 20 = -4*a. Let o = a - -9. Calculate the remainder when o is divided by 9.
8
Let k(c) = -c**3 - 7*c**2 - 7*c - 4. Let x = -11 + 5. Calculate the remainder when k(x) is divided by 2/(-1) + 4 + 0.
0
Let a = 63 + -43. Calculate the remainder when 50 is divided by a.
10
Let t(u) = 6*u**3 - 8*u**2 + 8*u - 8. Let m(l) = 3*l**3 - 4*l**2 + 4*l - 4. Let k(g) = -5*m(g) + 3*t(g). What is the remainder when k(3) is divided by 18?
17
Let r = 12 + -8. Calculate the remainder when ((-46)/(-69))/(1/12) is divided by r + (-1)/(0 - 1).
3
Let v(i) = -3*i - 10. Let u be v(-5). Suppose -u*b = -b - 140. Calculate the remainder when b is divided by 12.
11
Suppose -48 = -0*x - 2*x. Suppose 4 = -h + 50. Calculate the remainder when h is divided by x.
22
Suppose 0 = 3*y + a - 3 - 14, -4*y - a + 23 = 0. Let o be 3/(-2)*(-8)/y. What is the remainder when 13 is divided by -2*(18/(-4) + o)?
3
Let c = -26 + 35. Suppose -8*r - c = -9*r. Calculate the remainder when (-3 - 0)/(6/(-52)) is divided by r.
8
Suppose -4*x + 40 = -172. Calculate the remainder when x is divided by 200/14 - (-2)/(-7).
11
Let w = 3 + 7. Let z(r) = r**3 + 6*r**2 + r - 2. What is the remainder when z(-5) is divided by w?
8
Suppose -2*w + 88 = 16. Suppose 0*p + w = 4*p. Calculate the remainder when 1/(-3 + (-212)/(-70)) is divided by p.
8
Let r(t) = -3*t - 37. Let g(k) = k**2 + 3*k - 5. Let y be g(-4). Calculate the remainder when (-17 - -2*1)/y is divided by r(-15).
7
Let v be (-2 + 4)*(8 + 0). Suppose 6 = -3*h, -4*h = -z - z + v. Suppose k = z*k - 81. What is the remainder when k is divided by 7?
6
What is the remainder when 29 is divided by 6/(-4 + 4 - -1)?
5
Suppose -d - 2 = t, -3*t = -d - 0*t + 18. Let c(a) = -a**3 + 4*a**2 + a - 4. What is the remainder when c(3) is divided by d?
2
Let w(b) = -b**3 + 4*b**2 - 3. Let c be w(3). Let v(u) = -u**3 + 6*u**2 + u + 5. What is the remainder when 19 is divided by v(c)?
8
Let g = 1 - 5. Let l = g - -19. Let c = 4 - -4. Calculate the remainder when l is divided by c.
7
Let d(n) = -n**2 - 7*n + 9. Let t be d(-8). Let l(r) = 31*r - 1. What is the remainder when l(t) is divided by ((-12)/(-8))/(6/32)?
6
Let y(r) = 7*r + 5. Let z be y(8). Suppose -6*j + z = 13. What is the remainder when 39 is divided by j?
7
Let n = 70 - 30. Let s(l) be the third derivative of l**4/8 - 5*l**3/3 - 3*l**2. Calculate the remainder when n is divided by s(8).
12
Let c(h) = -h + 21. What is the remainder when 152 is divided by c(-10)?
28
Let x(d) = 11*d**3 - d. Let n = -5 + 6. Calculate the remainder when x(n) is divided by 2/(-6) - 39/(-9).
2
Suppose 0*m - q - 11 = -m, 2*m + 4*q = 22. Suppose 0 = 4*n - 5 - m. Suppose -46 = -5*t + n. What is the remainder when 28 is divided by t?
8
Let h(t) = -2*t - 3. Suppose -7 = -3*g - 1. What is the remainder when h(-5) is divided by 2/(-6)*(-7 - g)?
1
Let c(l) = 3*l**2 - 13*l + 5. What is the remainder when c(8) is divided by 24?
21
Let o(f) = -2*f**3 + f**2 - 2*f - 3. Let t(c) = 4*c**2 - c + 1. What is the remainder when t(-3) is divided by o(-2)?
19
Suppose 0 = -12*v + 405 + 351. What is the remainder when v is divided by 15?
3
Let s(n) = 2*n + 2. Let b be s(4). Suppose 5*u = 5*m + b, 0*u + 4*m = -2*u - 2. What is the remainder when 4/6 - (-6)/18 is divided by u?
0
Let f(k) = -k**2 + 12*k - 16. Let j be (-74)/(-10) - (-27)/45. Suppose 5*g + 16 - 61 = 0. What is the remainder when f(j) is divided by g?
7
Let j(t) = -t**3 - 7*t**2 + 15*t - 15. Calculate the remainder when 29 is divided by j(-9).
5
Let l = -1 + 172. Suppose 3*c - 121 = 4*v, 3*v = -5*c + 2*v + l. Calculate the remainder when c is divided by 9.
8
Suppose 7 = 3*x + 5*v - 9, 5*v = 10. Suppose 2*m = b + m, -x*m + 21 = 5*b. Suppose a = -b*a + 56. Calculate the remainder when 27 is divided by a.
13
Calculate the remainder when (-1)/3 + 174/9 is divided by 42/4 + (-14)/28.
9
Let v = 92 + -36. Suppose 5*i = v + 29. What is the remainder when 49 is divided by i?
15
What is the remainder when 23 is divided by 39/(-2)*6/(-9)?
10
Let g(s) = -s**3 + 8*s**2 +